 2*n - 25*h = -24*h + 12. Let j(r) be the first derivative of -r**4/4 + 2*r**3/3 + 4*r + 1. Give j(n).
-5
Let d(p) be the first derivative of -5/2*p**2 - 2*p - 23. What is d(-6)?
28
Let t(g) = -13*g - 5. Let y(v) = -60*v - 24. Let w(h) = -14*t(h) + 3*y(h). Calculate w(-7).
-16
Let x(u) = u - 1. Let t(i) = -20*i + 165. Let y be t(9). Determine x(y).
-16
Let y(u) = 2*u - 5. Let k be y(6). Let t(v) = -v**2 + 6*v + 2. Determine t(k).
-5
Let p(f) = f. Let s(z) = 3*z**2 + 6*z. Let h(w) = -6*p(w) + s(w). Suppose -37*x = 14*x + 102. Give h(x).
12
Let n(c) = -22*c + 28. Let y(x) = 13*x - 14. Let r(k) = -3*n(k) - 5*y(k). Give r(8).
-6
Let r(d) = 2*d**2 - 2*d + 2. Let a be 3 + (-3 - -6) + -2. Suppose 9 = -m + a*m. Give r(m).
14
Let x(a) = -a**2 - 3*a + 7. Let w be (-3)/(5 + (-5)/10)*9. Determine x(w).
-11
Let n(p) = -p**3 + 7*p**2 - 5. Suppose -5 = -5*g + 30. Let b be n(g). Let l(m) = m - m + m + 1. Give l(b).
-4
Let h(k) be the first derivative of 0*k**2 + 1/3*k**3 + 5 - k - 5/2*k**4. Calculate h(1).
-10
Let s = 29 + -31. Let b be (-10)/(2*(3 + s)). Let n(v) = -2 + 6*v**2 - v**2 - 4*v**2 + 6*v. Give n(b).
-7
Let s(n) = -4*n**2 + n. Let r be s(1). Let h(d) = -2*d**2 + 3*d - 3. Let m(a) = 3*a**2 - 2*a + 2. Let j(u) = r*m(u) - 4*h(u). Suppose 13 = -3*l - 5. Give j(l).
6
Let r(o) = 12 - 17 - 11 - 5 - 10 + 3*o. Give r(12).
5
Let w(x) = x**2 - x - 4. Let l(q) be the second derivative of q**4/12 - 2*q**3/3 + 5*q. Let g be l(4). Calculate w(g).
-4
Suppose 2*z - 4*h = h + 16, 2*h = 2*z - 10. Let t(p) be the third derivative of p**4/12 - p**3/6 - 39*p**2. Determine t(z).
5
Let k(q) = -q**2 + 10*q + 419. Let v be k(-16). Let h(g) = 2*g**3 - 5*g**2 + 4*g. Determine h(v).
21
Let z(g) = -g**2 - 4*g - 4. Let y be z(-4). Let i be (-26)/(-10) + 6/15. Let f(d) = d**i - 3*d**2 + 3*d**2 - 2*d**3 + 6 - 3*d**2 + 5*d. Calculate f(y).
2
Let u(h) = 3*h**2 - 34*h + 5. Let s(p) = 6*p**2 - 70*p + 14. Let j(t) = 4*s(t) - 9*u(t). Determine j(9).
2
Let x = -91 - -93. Let k(t) = -26*t + x*t**2 - 1 + 17*t + 7*t. Determine k(2).
3
Let x(u) = -u**3 + 2*u**2 - u - 4. Let p(c) = -3*c**3 + 7*c**2 - 3*c - 11. Suppose 7*j - 6*j + 3 = 0. Let l(h) = j*p(h) + 8*x(h). Calculate l(5).
6
Let c(s) = -s**3 + s**2 + 5*s - 5. Let v(p) = p**3 - 11*p**2 + 26*p - 12. Let d be v(8). Determine c(d).
-33
Let y(a) be the first derivative of a**4/4 - 2*a**3/3 + a**2 + 2*a + 32. Give y(3).
17
Let o(w) be the first derivative of w**4/4 + w**3/3 + w**2/2 + w - 18. Let q(v) = v**3 + 2*v**2 + 3*v - 13. Let a(c) = -2*o(c) + q(c). Calculate a(0).
-15
Suppose 8*g - 979 = 581. Let r(d) = d**3 + g + 0*d**3 - 193 - d. What is r(2)?
8
Let b(p) be the third derivative of p**4/12 - 3*p**3 + 48*p**2. Give b(12).
6
Let a(o) = -31*o + 10. Let m(x) = -11*x + 4. Let r(k) = 6*a(k) - 17*m(k). What is r(12)?
4
Let l(c) = -27*c + 13. Let a(j) = -20*j + 14. Let b(n) = 4*a(n) - 3*l(n). Calculate b(-10).
7
Let g(m) = 3*m + 4. Suppose 5*k - 22 - 7 = -3*p, k = p + 1. Calculate g(k).
16
Let k(v) = 8*v + 111. Let d be k(0). Let b = 118 - d. Let a(y) = -y**3 + 7*y**2 + 3*y + 5. What is a(b)?
26
Let l(p) = -5*p - p**2 - 3*p**2 - 3*p + 11*p**2 + 9. Let w(d) = 20*d**2 - 24*d + 26. Let a(g) = -17*l(g) + 6*w(g). Give a(6).
-9
Let g be (1 - 6)*(-30)/50. Let a(b) = b**2 + b. Let o(z) = -5*z**2 - 10*z + 4. Let t(x) = 6*a(x) + o(x). Give t(g).
1
Let x be 8/(-6) - (-2128)/336. Let f(a) = -a**3 + 6*a**2 - 8*a. Give f(x).
-15
Suppose -13*j = -14*j - 2. Let v(a) be the third derivative of a**5/30 + a**4/8 + a**3/6 - a**2. Let h be v(j). Let m(p) = -p**2 + 2*p + 1. Calculate m(h).
-2
Let v(j) be the second derivative of -j + 0 - 1/6*j**4 - 1/120*j**5 + 1/2*j**3 + 0*j**2. Let p(r) be the second derivative of v(r). Determine p(-6).
2
Let a(i) be the third derivative of 31*i**2 - 1/6*i**4 + 0 - 1/60*i**5 - 1/3*i**3 + 0*i. Determine a(-3).
1
Let f(s) = 4 - 4*s + s**2 - 3 - 4 - 1. Let b = 46 - 44. Suppose 2*x + b*x - 16 = 0. Determine f(x).
-4
Let v = 88 - 82. Suppose 0*o - v = -6*o. Let d(x) = 3*x - 1. Determine d(o).
2
Let a(m) be the third derivative of -m**6/120 + m**5/10 + 3*m**4/8 - 4*m**3/3 - m**2 - 422. Determine a(7).
6
Let l(t) = 2 - 136*t - 132*t + 264*t. Give l(5).
-18
Let u = 2 + -7. Let o(q) = 4*q**2 - 9*q - 1. Let b(i) = 8*i**2 + 4 - 5*i**2 - 6*i**2 + 9*i - 2. Let f(h) = -5*b(h) - 4*o(h). Determine f(u).
14
Let r be (-2 - (5 + -6)) + 16. Let w = 17 - r. Let x(f) = f**3 - 3*f**2 + 4*f - 2. Give x(w).
2
Suppose -s - 54 = 2*s. Let t = s + 14. Let p(u) be the third derivative of u**5/60 + u**4/8 + u**3/3 - 6*u**2. Determine p(t).
6
Let b(y) be the third derivative of -y**6/120 - y**5/10 + y**4/24 + y**3/2 + 97*y**2. Calculate b(-6).
-3
Suppose r = -2*r - 21. Let f(h) = 87*h + 82*h - 1 - 171*h - 7. What is f(r)?
6
Let q(v) = 4*v**3 + 6*v**2 + 3*v. Let d(b) = -5*b**3 - 6*b**2 - 4*b. Let w(j) = -5*d(j) - 6*q(j). Give w(5).
-15
Suppose -83 = -5*q - 68. Let l(n) be the third derivative of 0 + 1/6*n**q + 1/24*n**4 - 1/12*n**5 + 0*n - 2*n**2. What is l(-1)?
-5
Let v(b) = 3*b - 4*b - 173 + 0*b + 161. Calculate v(-19).
7
Let g(u) be the third derivative of u**4/12 - 186*u**2. Suppose 1 = -5*f - 5*d + 31, -3*f - 4*d = -22. What is g(f)?
4
Let v(j) be the first derivative of 1 + 0*j**2 + j + 5/3*j**3. Let g = 179 + -178. Give v(g).
6
Suppose 5*f + t - 13 = 0, -f + 0*t - t = -5. Let v(d) = 6*d + 2*d**2 - 5*d**2 - f*d**2 + 9*d**2 - d**3. What is v(5)?
5
Let z be 7 - 6 - (-1 - 10). Let m(p) = p**3 - 12*p**2 - 3*p + 27. Determine m(z).
-9
Let i(a) = 6*a - 5. Let g be ((-8)/(-12))/(5/(-30)). Let q(b) = b - 1. Let x(v) = g*i(v) + 22*q(v). Calculate x(-4).
6
Let s = 4 + 1. Suppose -s*t = -4*t - 14. Suppose -t = -2*i + 4*f, i + 5*f = 3*i - 18. Let r(w) = 11*w. Give r(i).
-11
Let f(q) = 1959*q + 1964*q - 3929*q - 77. Give f(-12).
-5
Let d be (-5 - 8/(-1))*(1 + 0). Let r(v) be the first derivative of -v - 1/3*v**d - 3/2*v**2 - 5. Calculate r(-2).
1
Let l be (1 + (-1)/(-2))*-2. Let r(j) be the second derivative of 2*j**3 - j**2/2 - 51*j - 3. Let y(h) = -13*h + 1. Let i(f) = l*r(f) - 2*y(f). Give i(-1).
11
Let x(s) = s**2 - 5*s + 1. Let m be x(5). Let z(g) be the third derivative of 23*g**6/120 + g**2 - 122*g. What is z(m)?
23
Let w(k) = 4*k - 3*k**2 + 2 - 1 - k + k**2. Suppose 0 = 6*c - 17*c + 44. Determine w(c).
-19
Let i be 1/(-1) + 2/1. Suppose -i + 2 = -f. Let v be (f + 1)/(-5 + 3). Let z(d) = -d**2 + d + 2. Give z(v).
2
Let j(g) be the first derivative of -g**3/3 + 9*g**2/2 - 8*g - 225. What is j(6)?
10
Suppose l = -j + 11, -5*j = -5*l + 11 + 4. Let b(y) = y**3 - 8*y**2 + 6*y - 4. What is b(l)?
-11
Let v(u) be the second derivative of -3*u**2 + 1/6*u**3 - 1/20*u**5 + 0 + 0*u**4 - 18*u. What is v(0)?
-6
Let u(l) = -7*l**2 - 9*l - 9. Let y(c) = -8*c**2 - 11*c - 10. Let o(p) = -6*u(p) + 5*y(p). Calculate o(0).
4
Let o(u) be the third derivative of u**6/720 - u**5/10 - 25*u**4/24 - 13*u**2. Let c(q) be the second derivative of o(q). Calculate c(7).
-5
Suppose 23*d - 342 = 194*d. Let r(y) be the third derivative of y**6/120 - y**5/60 - y**4/24 - y**3/3 - y**2. Determine r(d).
-12
Suppose 3*p + 7 = 19. Suppose -a = p*a. Let b(z) = 9*z - 5. Let o(h) = 20*h - 11. Let x(w) = -9*b(w) + 4*o(w). Determine x(a).
1
Suppose -4 = -2*x + 4*s, x - 2*s = 2*s - 8. Suppose -x = -10*k - 2*k. Let p(y) = 8*y**3 + 2*y**2 - 1. Determine p(k).
9
Let l be (-5 - (5 + -2))*(-15)/20. Let v(b) = -b**2 + 14*b - 7. Calculate v(l).
41
Let m(b) be the first derivative of b**4/4 + 2*b**3 + 7*b**2/2 - b + 34. Let g(t) = t**3 + t**2 - 4*t + 1. Let h be g(-3). Give m(h).
-11
Let l(u) = -2*u - 8. Let y = -27 - -37. Calculate l(y).
-28
Let v(w) = 3*w**2 - w**2 - w**2 + 2 + w. Let r = -24 + 7. Let o be r - -12 - -1*5. Determine v(o).
2
Let m(d) = d + 2. Suppose -4*b = -3*b - 4. Suppose -b*o = 3*k + 11 + 5, -5*k - 16 = -4*o. Determine m(o).
1
Let b be 1/(-2) - (-14)/4. Suppose -3*y + 11 = g, -g - g + 18 = 4*y. Let i(d) = -d - d + 4 + y*d + 4*d. What is i(b)?
16
Let z be (87/9 + -10)/(1/6). Let g(h) be the third derivative of h**6/30 - h**3/6 + h**2. What is g(z)?
-33
Suppose 12 = 4*t + 2*t. Let l(y) = 48 - 156 + 56 + 3*y + 56 - y**t. Determine l(5).
-6
Let y(v) be the first derivative of -v**3/3 - 3*v**2 - 154. Determine y(-5).
5
Let v(w) be the third derivative of -w**7/5040 + w**6/720 + w**5/12 + 3*w*